(-2). Suppose -4*r = -l*r - 13. What are the prime factors of r?
13
Suppose -y + 10 = -3*y. Let x = 24 + y. List the prime factors of x.
19
Let j(b) be the third derivative of b**6/120 - b**5/6 + b**4/3 + 2*b**3 + 8*b**2. Let p = -9 - -18. List the prime factors of j(p).
3
Suppose 5*t + 7 = -8. Let a be t + 0 + (-30)/2. Let g = 30 + a. What are the prime factors of g?
2, 3
Let x = -11 + 23. Let q(v) be the second derivative of v**4/12 - 11*v**3/6 - v**2/2 - 6*v. List the prime factors of q(x).
11
Let h = 137 - -12. List the prime factors of h.
149
Let n(q) be the third derivative of q**5/60 + q**4/24 + 55*q**3/6 + 2*q**2. Let h be n(0). Suppose 2*u + 3*u - h = 0. List the prime factors of u.
11
Let u = -11 + 29. Suppose -5*q + 102 = -u. List the prime factors of q.
2, 3
Suppose 7*s - y = 3*s - 1, -4*s + 19 = 3*y. Let u be 2/7 + 66/14. Let j = u + s. List the prime factors of j.
2, 3
Let a(l) = l + 8. Let o be a(-8). Suppose h + o*h = 4*y - 17, -3*y + 5*h + 17 = 0. Suppose -n - 7 - 3 = -3*s, -4*n = y*s - 24. List the prime factors of n.
2
Let u(g) = 12*g - 5. List the prime factors of u(6).
67
Let f be 58/12 - (-1)/6. Let v be (-1298)/(-8) - f/20. List the prime factors of (-4)/(-14) - v/(-21).
2
Suppose 44 = 17*g - 15*g. What are the prime factors of g?
2, 11
Let i(o) = -2*o - 9. Let z be i(17). What are the prime factors of 5*z/(-10)*2?
43
Let i(n) = n**2 + 6*n - 3. Let g be i(-7). Suppose o - g*z - 2 = 0, 5*o = o - 5*z + 8. What are the prime factors of o?
2
Let k(u) = 7*u**2 - 9*u + 13. What are the prime factors of k(5)?
11, 13
Suppose 12 = -4*m + 8*m. Suppose m*x = 5*x. Suppose -3*q + 10 + 8 = x. List the prime factors of q.
2, 3
What are the prime factors of ((-324)/30)/((-3)/10)?
2, 3
Suppose q + l - 4*l = 68, 141 = 2*q - 5*l. List the prime factors of q.
83
Suppose 0 = 9*i - 302 - 1804. List the prime factors of i.
2, 3, 13
Let o = -13 - -23. Let w = 16 - o. What are the prime factors of w/(-12) + 10/4?
2
What are the prime factors of (-38)/(3*6/(-9))?
19
Let d = 27 - -134. What are the prime factors of d?
7, 23
Suppose 4*s - 43 = 45. What are the prime factors of s?
2, 11
Suppose 3*o - 3 - 15 = 0. What are the prime factors of (2/o)/(6/342)?
19
Let u = 34 + -114. List the prime factors of u/(-15) + (-2)/(-3).
2, 3
What are the prime factors of -3 + 8/4 + 71?
2, 5, 7
Suppose b - 3*b + 14 = 0. What are the prime factors of b?
7
Let m be 18/(-24) - (-19)/4. Suppose -2*d - 129 = -4*u - 47, u + m*d - 7 = 0. List the prime factors of u.
19
Let m be (6 + -4)/((-2)/(-3)). Suppose -101 = -5*s - 4*t, -m*t - 45 = -4*s + 2*s. List the prime factors of s.
3, 7
Let l(n) = n**2 + 22*n - 64. What are the prime factors of l(-27)?
71
Suppose -2*c = 2, 5*c + 76 + 139 = 5*l. What are the prime factors of l?
2, 3, 7
Let k(s) = -s**2 - 3*s - 2. Let w be k(-3). Let h(a) = 3*a - 2*a**3 - 2*a**2 - 1 - a**2 + 2*a - 6*a. List the prime factors of h(w).
5
Let j(v) = v**3 + 7*v**2 - 9*v - 1. Let n = 3 + -2. Let c be 8/10*(-10)/n. List the prime factors of j(c).
7
Let z(v) = v**2 - 19*v + 6. Let w(q) = -q**2 + 20*q - 6. Let b(o) = 3*w(o) + 4*z(o). List the prime factors of b(17).
23
Let u(b) = b**2 - 5*b - 4. Let g be u(6). Suppose 2*a = -g*a + 56. List the prime factors of a.
2, 7
Suppose 4*z + 12 = 0, -2*o - 3 = 4*z + 11. What are the prime factors of (-1 - (-5 - o)) + 39?
2, 3, 7
Let z = -3 - -6. Let y be -2*(z + -2) - -6. Suppose 0*j - 16 = -y*j. What are the prime factors of j?
2
Suppose 0 = 5*l - 3*l. Let w(g) = 3*g**2 - 2*g + 18 + g - 6 - 2*g**2. List the prime factors of w(l).
2, 3
Suppose y = -4*y - 3*d - 5, -d - 11 = -3*y. Let q be 2 - (8/y)/(-2). Suppose 0*x - q*k + 24 = 4*x, 2*k = -5*x + 30. List the prime factors of x.
2, 3
Let o(n) = 13*n**3 + 2*n**2 + n. Let k be o(-1). Let j be (-27)/k + 2/(-8). Suppose -j*s + 9 = a, 5*a = 5*s - 6*s - 18. What are the prime factors of s?
7
Suppose 6*j - 10*j = -124. What are the prime factors of j?
31
List the prime factors of (102/(-8))/((-2)/8).
3, 17
Let c = 1 + -17. Let o = c - -23. List the prime factors of o.
7
Let f = 58 - 15. List the prime factors of f.
43
Let w be ((-4)/(-3))/(2/(-6)). Let i be (-4)/(w/3)*-1. List the prime factors of 1/i + (-21)/(-9).
2
Let q be 244/12 + 4/6. Suppose -4*c + q = 9. Let m = 15 - c. What are the prime factors of m?
2, 3
Let z be (-14)/3 - (-2)/(-6). Let f = 8 + z. Suppose -f*u - 2*u = -45. What are the prime factors of u?
3
Suppose -4*u + 36 = 4*b, -5*u + 13 + 32 = 4*b. Let i be (24 + u/(-3))/1. Suppose 0 = -2*a + 3*s + 2*s + i, -4*a + 54 = 2*s. List the prime factors of a.
13
Suppose y = -3*g + 6 + 4, -5*g - y = -16. List the prime factors of g.
3
Suppose -100 - 68 = -4*z. Let r = 16 + -12. Suppose 0 = r*i - z + 14. List the prime factors of i.
7
Suppose 0 = z - 2*h - 49, -264 = -5*z + 4*h + 11. What are the prime factors of z?
59
Suppose -5*b + y + 508 = 2*y, 4*y = -b + 113. List the prime factors of b.
101
Let j = 153 - 87. Suppose -j = -5*h - 21. What are the prime factors of h?
3
Suppose i - 8 = -g, -4*i + 2*i + 12 = g. Suppose -g*d - 23 + 63 = 0. What are the prime factors of d?
2, 5
Suppose 5*h - 6 = -2*a, 4 = a + 5*h + 11. Suppose -2*z + a = -5*b - 0, b - 7 = -2*z. List the prime factors of (0 - -3) + 1*b.
2
Suppose 1365 = -41*g + 48*g. What are the prime factors of g?
3, 5, 13
Suppose 4*l = -4*p - 8, -l - 2*p - 10 = 3*p. Suppose 116 = -4*f + 3*m - m, -m - 4 = l. Let j = -18 - f. What are the prime factors of j?
13
Let m = 119 - 40. List the prime factors of m.
79
Let w be (1 - 1) + 336/3. Suppose 5*f - f - w = 0. List the prime factors of f.
2, 7
What are the prime factors of (0 + 24/(-20))*(-95)/2?
3, 19
Suppose 9*s - 4*s = 5. Suppose -f - s = -3. List the prime factors of f.
2
Let g = -239 - -164. Let z be 8/10*g/(-6). Suppose -2*k - z = -3*k. What are the prime factors of k?
2, 5
Let u = -1 + 3. What are the prime factors of u/(-7) + 726/42?
17
Let k = 15 + -9. Suppose -f = -4*f + 2*q + 17, -4*q + k = 2*f. List the prime factors of f.
5
Suppose 2*n + 3 = 31. List the prime factors of ((-7)/n)/((-2)/72).
2, 3
Suppose 0 = 3*n + w - 13, 3*n + w - 9 = 4*w. Let q = n + -1. What are the prime factors of q?
3
Suppose 0 = 5*q - 3*v - 4, -q - 3*v + 4 = -2*v. Suppose -4*p + q*z + 52 = 0, -4*p - z + 39 = -1. List the prime factors of p.
11
Suppose 5 = r + 2, -4*w + 35 = 5*r. List the prime factors of w.
5
Let g(z) = z**3 - 3*z**2 + 2. Let f be g(3). Suppose u + 21 = -f*u. Let y(d) = -d**3 - 8*d**2 - 9*d + 2. What are the prime factors of y(u)?
2
Suppose 2*q = 5*h - 17, -3 = 3*q - 3*h - 0. List the prime factors of q.
2
Let q be -1*9/3*-1. Suppose -q*g + 40 = c - 54, -c - 34 = -g. List the prime factors of g.
2
Let l = -12 - -6. Let d be (-13)/(-2 - 9/l). Suppose 54 + d = 5*t. What are the prime factors of t?
2
Let g = 65 - 39. List the prime factors of g.
2, 13
Let h be (-4 - -2)/(4/(-46)). Let w = h - 13. What are the prime factors of w?
2, 5
Suppose -f = -0*t - 5*t - 220, 0 = f - 2*t - 232. List the prime factors of f.
2, 3, 5
Suppose -5*k = 2*p - 41, 4*p - 24 - 3 = k. List the prime factors of p.
2
Let h = -3 + 7. Let a = 9 + h. What are the prime factors of a?
13
Let v(h) = h**2 + 4*h - 8. Let l be v(-6). Suppose -3*k + f = l*f - 123, 206 = 5*k + 4*f. List the prime factors of k.
2, 3, 7
Let h be (-2)/(-3) - 202/(-3). Suppose 2*u - h = 52. Suppose b + 4*b - u = 0. List the prime factors of b.
2, 3
Suppose 3*x = -3*w, -3*x + 3 = 2*w - 0*w. Suppose 0 = -b - 2, 0*p + 4*b - 28 = -x*p. What are the prime factors of p?
2, 3
Let w = 19 + 29. Suppose -3*h = h - w. What are the prime factors of h?
2, 3
Suppose -4*i + i = -21. Let h = i - -3. What are the prime factors of (2 - -8)*12/h?
2, 3
Let y(s) = 3*s + 4. Let f be (2/2 - -3)*1. What are the prime factors of y(f)?
2
Suppose -17 = -3*u - 4*z, -u + z - 2 - 4 = 0. List the prime factors of 13*(1 - 2)*u.
13
Suppose 2*j + 2*k = 26, k + 35 = -j + 6*j. Let q = j + -1. What are the prime factors of q?
7
Let d = 225 + -114. List the prime factors of d.
3, 37
Let d(w) = -w**3 - 6*w**2 + 1. Let r be d(-6). Suppose -3*l + r = 4*b, 0 = 2*l - 5*l - 5*b + 2. What are the prime factors of -2 - (l + -15 + 2)?
2, 3
Suppose 0 = h - 0*h + 2. Let t = h - -29. Suppose 4*z - t = 21. List the prime factors of z.
2, 3
Let j(l) = l**3 + 2*l + 1